 the tens digit of d?
4
Let g(x) = x - 10. Let k be g(13). What is the tens digit of -3*(-42)/k + -3?
3
Let p = -6 - -8. Let a(q) = q**2 + 4*q**2 - q - 5*q**2 + p*q**2 + 7. What is the units digit of a(4)?
5
Suppose 3*y = 5*l + 14, -2*y + 3 + 5 = -3*l. What is the units digit of (-2)/y - (-50)/25?
3
Let c(m) = 4*m - 3. Let b(g) = 7*g + 2*g - 1 - 3*g - g. Let y be b(1). What is the tens digit of c(y)?
1
Let n(v) = -v**2 - 17*v - 16. Suppose 4*z - 3*b - 17 = 0, 1 = z - 2*b - 2. Suppose -5*t = -5*m + 3*m - 23, z*t + 75 = -5*m. What is the tens digit of n(m)?
2
Let n(l) = l**2 + 9*l + 1. Let k be n(-11). Let b be (2 - k) + (-1 - 0). Let g = 41 - b. What is the tens digit of g?
6
Let j(m) be the second derivative of m**7/840 - m**6/360 - m**5/40 + m**4/3 - 9*m. Let p(b) be the third derivative of j(b). What is the tens digit of p(3)?
1
Let k(a) be the third derivative of a**5/30 + a**4/24 + 9*a**3 - a**2. Let v = -1292 - -1292. What is the tens digit of k(v)?
5
Let x = -909 + 1556. What is the units digit of x?
7
Suppose -480 = -w + 20. What is the units digit of w?
0
Suppose 0 = 4*m - 5*s + 69, -2*m - 3 = 4*s - 1. Suppose 0*j - 2*j + 5 = -w, -3*j - 3 = 2*w. What is the units digit of (m/w)/(4/12)?
1
Let d = 1207 + 1448. What is the thousands digit of d?
2
Let w = -29 + 42. Let n(f) = 8 + 99*f - f**3 + 12*f**2 - 23*f - 30*f - 31*f. What is the units digit of n(w)?
4
Suppose 3509*l = 3521*l - 27984. What is the units digit of l?
2
Let g be 28/21*30/(-4). Let m be g/(-40) + 11/4. What is the units digit of m/(3/8) - 1?
7
Let c = 13 - 13. Suppose -3*i = -c*i - 36. Let r = i + -10. What is the units digit of r?
2
Let d be 10*(2 + 9/(-2)). Let t be d/2 - (-16)/32. Let n = t + 56. What is the tens digit of n?
4
Suppose -3*h = 3*l + 234, 4*h + 7*l - 10*l = -305. Let z be 4/3*177/2. Let w = z + h. What is the tens digit of w?
4
Suppose 4*h - 19 - 5 = 0. Let j be (h/4)/((-6)/(-36)). Let q = j - 0. What is the units digit of q?
9
Let f(m) = m**2 + 7*m + 4. Let p(j) = -j**2 - 7*j - 5. Let s(y) = 3*f(y) + 2*p(y). Let r be ((-2)/5)/((-7)/(-175)). What is the units digit of s(r)?
2
Let c(m) = -4*m**3 - 1 - 44*m**3 + 4*m**3. What is the tens digit of c(-1)?
4
Suppose 0 = 5*u - g - 8532, -3*g = 5*u - 7237 - 1287. What is the units digit of u?
6
Suppose 2*v + 0*v + 8 = 3*r, -v + 2*r - 3 = 0. Let k = -5 - v. Suppose -5*z + 0*z = k*a - 5, 2*a + 16 = 2*z. What is the units digit of z?
3
What is the tens digit of (-30)/10 + 2 - 180/(-1)?
7
Let t = -24 - -26. What is the tens digit of 7 - 5 - (-360)/t?
8
Suppose 2*q = 5*q - 6. Suppose j - q*z = 33, 2*j + 2*j - z = 97. What is the units digit of j?
3
Suppose -9 = -x + 2*v, 0 = -3*x - 2*v + v + 20. Suppose -x*s + 192 = -s. What is the units digit of s?
2
Suppose 28*w - 172 = 24*w. Let q(b) = -2*b - 1. Let x be q(8). Let n = x + w. What is the units digit of n?
6
Suppose -3*k = 0, -3*f + 4*k = 2*k - 480. Let m = f + -95. What is the units digit of m?
5
What is the units digit of (-7)/(35/188)*135/(-18)?
2
Suppose -3*g - 1 = -4*g, 5*h - 3*g = -13. Suppose 0 = -4*v - 5*s + 2 + 2, -2*v = -4*s - 2. What is the units digit of (-22)/(2 - (v - h))?
2
Let b = -29 + 97. Let p = b + -7. What is the tens digit of p?
6
Let x(g) = -35*g + 1. Let l(t) = -69*t + 2. Let i(h) = -6*l(h) + 13*x(h). Let q be i(-4). Suppose 2*f = -f + q. What is the tens digit of f?
5
Let o = -609 + 766. What is the tens digit of o?
5
Let z = -132 - -49. Let b(u) = u**3 - 27*u**2 + 26*u - 33. Let l be b(26). Let r = l - z. What is the units digit of r?
0
Suppose 2*l - 6 = -0*v + 2*v, -4*v = 2*l - 12. What is the hundreds digit of l/4 - -220 - -2?
2
Let w = -2 + -9. Let v = w - -32. Suppose 0 = 2*u + 5 - v. What is the units digit of u?
8
Suppose 3*h = 8 - 5. Suppose -n = 3*f + 13, n + f = -2*n + h. Suppose n*o - 160 = -3*o. What is the tens digit of o?
3
Let c be -3 - (-3 - (-10 - -2)). Let v = c + 9. What is the tens digit of -20*v*(-3 + 2)?
2
What is the tens digit of (-1 + -3)/((-15)/3780)?
0
Let h(o) = 5*o**3 - 7*o**2 + 4*o. Let u(a) = 2*a**3 - 4*a**2 + 2*a. Let p(g) = 3*h(g) - 5*u(g). What is the units digit of p(3)?
2
Let m(b) = b**3 + 8*b**2 - 11*b + 4. Let n be m(-9). Suppose 3*v = n - 4. What is the units digit of (v + -9)/(3/(-28))?
8
Let g = 1094 - -331. What is the thousands digit of g?
1
Let f(t) = -59*t**3 + t**2 - 1. Suppose -5*v - 6 = -1. What is the units digit of f(v)?
9
Suppose -5*b + 6 - 16 = 0, -2*o = 4*b - 10. Suppose 0 = -6*i + o*i - 3. Let p(q) = 33*q**3 + 2*q**2 - q. What is the tens digit of p(i)?
3
Suppose -u - r + 5 - 2 = 0, -u - 3*r = -3. Suppose -a + 3 = 0, 0*g + 3*a + 7 = 2*g. Suppose 0 = -g*p + u*p + 60. What is the units digit of p?
2
Let h(n) = -6*n - 60. What is the units digit of h(-11)?
6
Let p = -239 - -241. What is the units digit of p?
2
Let c(d) = d + 22. Let o be c(-10). Let k be o/7 - (-4)/14. Suppose 4*w + 57 = 5*r, r = -k*r - 5*w + 12. What is the units digit of r?
9
Let x(f) = 2986*f - 24. What is the thousands digit of x(1)?
2
Let i(b) = b**3 + 3*b**2 - b + 2. Let k be i(-2). Let j(z) = k + 11 + 0*z + 0 - 3*z. What is the tens digit of j(-8)?
4
Let r(s) be the first derivative of s**4/4 - 11*s**3/3 - 9*s**2 + 22*s - 10. Let d be r(12). What is the units digit of 7/(105/d)*-9?
0
What is the hundreds digit of 1/((-63)/6) - (-51584)/84?
6
Let g be (-68)/(-5) - (-4)/10. Suppose 0 = 3*i - 2*d - g, 5*d - 14 = 2*i - 38. Suppose 8 = -i*s + 4*s. What is the units digit of s?
4
Suppose 5153 = 8*h - 39. What is the hundreds digit of h?
6
Suppose -687*o + 683*o + 2004 = 0. What is the tens digit of o?
0
Let s(y) = y**3 + 13*y**2 - y + 4. What is the thousands digit of s(8)?
1
Let o(s) = 4*s**2 + 6*s + 8. Let r(u) = u**2 + 1. Let z(c) = -o(c) + 5*r(c). What is the tens digit of z(9)?
2
Let y(b) = -b**3 - 15*b**2 + 31*b + 19. Suppose o + 5*w + 18 = -9, 0 = 2*o + w + 36. What is the tens digit of y(o)?
7
Let c = 50 + -35. Let b be (-10)/(c/3) + 2. Suppose -s = 2*d - 80, b*d - 3*d + 107 = -5*s. What is the units digit of d?
9
What is the units digit of 28*(3/(-28))/(17/(-816))?
4
What is the hundreds digit of ((-288)/(-28))/((-4)/(-126))?
3
Suppose 3*q + 5*w = -18, -4*w + 2*w = 3*q + 9. Let r be (-18)/(-12)*(-2)/q. What is the units digit of (8/(-3))/((-2)/r)?
4
Let y(g) = 117*g**2 - 10*g. What is the units digit of y(5)?
5
Let z(x) = -x**2 - 18*x + 991. What is the units digit of z(0)?
1
Let u(z) = 5*z**2 + 125*z + 35. What is the hundreds digit of u(-30)?
7
Let q = 16 - 43. Let v = 147 - q. Suppose 3*y + 97 = 4*a - 27, -5*a + v = y. What is the tens digit of a?
3
Let q(s) = -6*s**3 - 4*s**2 - 4*s - 5. What is the units digit of q(-3)?
3
Suppose -668 = -4*v - 12. Let z = -115 + v. What is the tens digit of z?
4
Let s be ((-2)/(-4))/(5/40). Suppose -3*g = s*g - 14. What is the units digit of g?
2
Let l = 21 - 5. Let m = l - 13. Suppose c = 5*a - 2, 4*c + 2*a - 117 = -m*a. What is the tens digit of c?
2
Suppose 3*y + 3*y = -84. Let v(i) = -i**2 - 32*i - 13. What is the tens digit of v(y)?
3
Let q = 527 + -137. What is the tens digit of q?
9
Let d be (-8 - -4)*(-9)/12. Suppose -2*q = 5*t + 44, -3*q + 0*t + d*t - 24 = 0. What is the units digit of q/1*15/(-12)?
5
Let k = 18 - 9. What is the tens digit of 1/((k/(-164))/(-9))?
6
Let s(f) = 4*f**2 - f + 1. Let y be s(1). Suppose 5*h - 5*h - 4*h = 0. Suppose 3*t = h, 3*a + y*t = -24 + 72. What is the units digit of a?
6
What is the units digit of (2756/20)/((-1)/(-10))?
8
Let c(f) = 96*f**2 - 36*f - 158. What is the thousands digit of c(-4)?
1
Let r(c) = -c**3 - 6*c**2 - 6*c + 2. Let a be r(-5). Let x(b) = 5*b + 19. What is the tens digit of x(a)?
5
Let p(c) = -4*c + 1. Suppose a + 39 = -2*a. What is the tens digit of p(a)?
5
Let g(m) = -153*m + 20. What is the units digit of g(-4)?
2
Suppose 1328 = -2*d + 6*d. Suppose d = 13*h - 9*h. What is the units digit of h?
3
Let v(d) = -10*d**3 - d**2 - 5*d - 2. Let b = -8 + 6. What is the tens digit of v(b)?
8
Suppose -x + 6*x = 200. Suppose -4*a - 12 = -x. Let y(d) = -d**3 + 8*d**2 - 5*d + 5. What is the units digit of y(a)?
9
What is the hundreds digit of 2 - (-5 + -712 - -4)?
7
Suppose -4127 + 18967 = 7*c. What is the hundreds digit of c?
1
Let z(v) = -v - 5. Let a be z(-6). Let p be (a - 1)*2/(-4). Suppose 3*g + g = p, h - 20 = -4*g. W